 s + 2*s + 205 = 4*h, 5*h = 2*s + 265. What is the tens digit of h?
5
Let i = -69 - -246. What is the units digit of i/5 - 4/10?
5
Let m(i) = i**2 + 3*i + 12. What is the tens digit of m(8)?
0
Let t(k) = -k + 1. Let h(a) = a**2 + 7*a - 19. Let y(c) = -h(c) - 5*t(c). What is the tens digit of y(0)?
1
Let z(s) = s**2 + s - 12. Suppose 2 = -h - 2*m, -3*m - 4 = m. Let a be z(h). Let x = a - -20. What is the units digit of x?
8
Let a be 9*1*(-6)/(-18). Suppose 4*s = x - 14 - 7, -a*x = -3*s - 63. What is the units digit of x?
1
Let l(s) be the first derivative of -3*s**2/2 + s - 4. What is the units digit of l(-1)?
4
Let b = -48 + 120. Let v = -45 + b. What is the units digit of v?
7
Let z be (23 + -2 - 1) + -1. Let a = z + -16. What is the units digit of a?
3
Suppose 136 = 3*v - s, -5*v + 59 = 2*s - 186. Let c = 80 - v. What is the units digit of c?
3
Let h be (10/(-25))/((-2)/10). Suppose -i = -h*v - 1 + 23, -v = -2*i - 14. What is the tens digit of v?
1
Suppose -14*r = -8*r - 960. What is the units digit of r?
0
Let l = 0 - -6. Suppose k + 74 = -o + l*o, -3*o = 5*k - 50. What is the tens digit of o?
1
Let h(l) be the first derivative of l**3/3 + l**2 + l + 1. What is the units digit of h(-2)?
1
Let o be 0*1/2 - -5. Suppose -o*s + 34 = 4*i, -5*i = 4*s - 3 - 44. Suppose 16 + i = 3*r. What is the units digit of r?
9
Let v(r) = -r**3 - r**2 + r + 56. What is the units digit of v(0)?
6
Let o be 3 + 1 - (-3 + 5). Suppose 6 = 3*d + p + 1, -8 = -o*d - 3*p. Suppose -i + 5*g - d = 4, -i - 3*g + 35 = 0. What is the units digit of i?
0
Let w(t) = -t + 12. Let q be w(-9). Suppose -4*m + 3*m = -3. Suppose q = -m*i + 57. What is the tens digit of i?
1
Suppose -2*x = -2*k - 2, 7*k - 3*k + 2 = 3*x. Suppose x = 5*f - 8. What is the units digit of f?
2
Let n = 1 - -3. Suppose -44 = -2*r + 4*b, -b + 9 - 62 = -n*r. What is the tens digit of r?
1
Let y(b) = -17*b - 1. What is the tens digit of y(-1)?
1
Let s = 7 - 3. Suppose -h + 25 = s*h. What is the units digit of h?
5
Suppose -w - 236 = -2*w. What is the hundreds digit of w?
2
Let i = -34 + 48. Suppose 4*t - i = 18. What is the units digit of t?
8
Suppose 3*q - 8*q = -395. Let j = 114 - q. What is the tens digit of j?
3
Let x = 14 + 64. What is the tens digit of x?
7
Let z = 937 - 619. What is the hundreds digit of z?
3
Suppose -4*z - z + 85 = 0. What is the tens digit of z?
1
Let m(u) = u**3 - 6*u**2 + 4*u + 3. Let p be m(5). Let y(c) = c + 2. Let n be y(-3). What is the units digit of n + (p - (-11 + 1))?
7
Let c(w) = w**2 + 25*w + 21. What is the tens digit of c(-27)?
7
Let d(s) = 5*s - 4. Let p(g) = -14*g + 11. Let a(w) = -17*d(w) - 6*p(w). What is the units digit of a(-3)?
5
Let h(l) = l**2 + l + 17. Suppose -5*r - 5 + 25 = 0. Suppose -r*i = -z, 3*i - 4*i = 2*z. What is the tens digit of h(z)?
1
Let b = 635 + -331. What is the units digit of b?
4
Suppose -2*o + 6 = 2*k, -11 + 2 = -o + k. Suppose 2*t = 2*w + 12, 5*w + o + 9 = 0. Suppose 0*a = -t*a + 12. What is the units digit of a?
4
Let a(y) = y**2 - 2*y + 2. Let h be a(2). Suppose -h*k = -k - 23. What is the units digit of k?
3
Let y = 42 - 30. Let h = y + 3. Suppose -9 - h = -2*t. What is the units digit of t?
2
Suppose 0*j = 4*j + 5*h - 36, -5*j + h = -16. Suppose -j*m + 88 = -0*m. What is the tens digit of m?
2
Suppose -2 = 2*z - 3*z. Let p be 2 - (z + -1 + -2). What is the units digit of 1 + -3 - (-6 + p)?
1
Let s be (-2)/10 + (-348)/(-15). Let p = 3 - s. Let o = -6 - p. What is the units digit of o?
4
Suppose -5*z = -7*z + 44. Let r = 4 + z. What is the units digit of r?
6
What is the units digit of (-24)/(-14)*(25 + -4)?
6
What is the units digit of (-56 + 1)*(-18)/30?
3
Let x(a) = a**2 + 5*a + 5. Let i be x(-6). Let u(g) = g**3 - 11*g**2 + g - 7. What is the units digit of u(i)?
4
Suppose 0 = -4*o + 9*o - 5*u - 75, 0 = u + 4. Let v = -8 + 12. Suppose 4*j = -v*w - 0*w + 28, w = -3*j + o. What is the units digit of w?
5
Suppose -5*p + 6 = h - 21, -141 = -3*h + 5*p. What is the tens digit of h?
4
Let x = -16 + -1. Let w = x - -26. What is the units digit of ((-3)/w)/((-3)/18)?
2
Let x(y) = y**2 + 0*y + 0*y + 2*y - 5 - 2. What is the units digit of x(-5)?
8
Let r(n) = -n**3 - 7*n**2 + n + 10. Let j = 10 - 8. Suppose 4*t + 4*c = -36, -t + j*c = t + 10. What is the units digit of r(t)?
3
Suppose 0 = -5*u + 2*u + 15. Suppose u*q = 13 + 12. Suppose 2*a + 30 = 4*y, 0*a + q*a = -3*y + 16. What is the units digit of y?
7
Suppose -12 = -0*m - 2*m. Suppose 4*p + p - 2 = -3*l, 0 = 5*p + l + m. What is the tens digit of -3 - ((-44)/2 - p)?
1
Let l = 3 - 3. What is the units digit of (-3)/(-3) - (l - 0)?
1
Suppose -28 - 10 = -f. What is the tens digit of f?
3
Let i be 7 + 2*1/2. Suppose 0 = -5*w + 3*r + 3, 4*r - i - 8 = 0. Suppose 0*n + w*n = 21. What is the units digit of n?
7
Let l(f) = 17*f**2 - f + 2. What is the units digit of l(-2)?
2
Let a = 656 + -439. What is the hundreds digit of a?
2
Let t(j) = 4*j - 6. What is the tens digit of t(9)?
3
Let u(i) = -11*i - 8. What is the hundreds digit of u(-12)?
1
Let d = 3 - 1. Suppose -a - d*a = -4*q - 23, -4 = 2*q. Suppose 0 = -a*r + 3*r + 28. What is the units digit of r?
4
Suppose -4*w + 334 = 2*i, 6 = -2*i - 4. What is the units digit of w?
6
Let v(f) be the first derivative of 9*f**2/2 - f - 2. What is the units digit of v(1)?
8
Let p = -6 - -11. Suppose p = 3*v - 2*v. Suppose d + 26 = v*d + 5*c, -c = 2*d - 10. What is the units digit of d?
4
Let l be -7*1*(-240)/56. Let w = l - 16. What is the units digit of w?
4
Let x(v) = -10*v - 6. Let t be x(-7). Suppose h = 5*h - t. What is the units digit of h?
6
Let o be (1 - 4)/(-1 - -2). What is the units digit of 6 - (1 + o)/1?
8
Let s(g) be the second derivative of g**4/6 - g**3/6 + 4*g. What is the units digit of s(-2)?
0
Suppose 0 = -4*r + 60 + 44. What is the units digit of r?
6
Let k(h) = -h**3 - 4*h**2 + 5*h + 5. Suppose -c - 5 = -0*c. Let m be k(c). What is the units digit of 4/m*(-5 + 10)?
4
Let k = -29 + 71. What is the tens digit of k?
4
What is the tens digit of 3 + 9 + (-2 - -2)?
1
Let k(p) = -3*p - 9. Let a be k(-6). Suppose 4*y - a - 7 = 0. Suppose -m = -6*m - d + 45, y*m = -2*d + 42. What is the units digit of m?
8
Let z(q) = -q**2 - 12*q + 13. Suppose -2*x - 36 + 12 = 0. What is the tens digit of z(x)?
1
Let w = 1 + -1. Let f = w + 6. Suppose 2*a - r = 4*a - f, -4*a + 32 = -3*r. What is the units digit of a?
5
Let d be ((-4)/3)/(6/(-18)). Suppose -3*u + 3 = 0, -2 = -d*o + u + 17. What is the units digit of o?
5
Suppose 66 = 4*d - 3*c, -2*c - 64 = 4*d - 8*d. Suppose -4*p - d = -5*p. What is the units digit of p?
5
Suppose f = -3*f + 48. Let j(x) = 3*x - 12. What is the tens digit of j(f)?
2
Suppose -5*b - 138 = -538. What is the tens digit of b?
8
Suppose d + 0*d = 0. Let r(p) = p**3 + p**2 - 4*p. Let m be r(2). Suppose 0 = 2*c + 4*f - 26, -c + d*f = m*f - 11. What is the units digit of c?
5
Suppose -2*k - 3*k + 10 = 0. Suppose -3*z + 0*z + k*o = -8, -3*z + 14 = o. Suppose -z*r + 17 = -15. What is the units digit of r?
8
Let j(t) = -t + 6. What is the units digit of j(-6)?
2
Let l be (6/(-4))/(1/2). Let i = 5 + l. What is the units digit of i?
2
Let s(i) = -3*i - 9. Suppose 0 = -u - u + 14. Let w be s(u). Let q = w - -42. What is the tens digit of q?
1
Let f(q) = -q**2 + 6*q. Let n(d) = -2 + 3*d - 3*d + d. Let c be n(6). What is the units digit of f(c)?
8
Suppose -3*d = -d + 24. What is the tens digit of 2/(1 + -3) - d?
1
Let q = 76 - -16. What is the units digit of q?
2
Let d(i) = -129*i - 17. What is the hundreds digit of d(-1)?
1
Let h(q) = q**2 - 2*q - 7. Let r(t) = 3 - 8 + 2*t**2 - 10 - 5*t. Let c(s) = 13*h(s) - 6*r(s). What is the units digit of c(-5)?
4
What is the units digit of 5 - (-4)/(-12)*-3?
6
Let l be 2/(2/2) + -2. Let y be 1/(l - 1/(-35)). Suppose y = 3*x + 2*x. What is the units digit of x?
7
Let u = 368 - 217. What is the hundreds digit of u?
1
Let y = 34 + -4. What is the units digit of y/9 + (-6)/(-9)?
4
Suppose 2*n - 105 = -n. What is the tens digit of n?
3
Suppose 8*v = 5*v + 2*j + 47, -2*v + 2*j = -30. What is the units digit of v?
7
Let y be 4/(-22) + (-126)/33. What is the tens digit of (-8)/10*70/y?
1
Let f(n) = 2*n**3 - 28*n**2 + 7*n + 34. Let a(l) = -3*l**3 + 42*l**2 - 10*l - 51. Let y(p) = -5*a(p) - 7*f(p). What is the unit